n 374 is divided by 39.
23
What is the remainder when 5959 is divided by 157?
150
What is the remainder when 6714 is divided by 146?
144
Calculate the remainder when 250 is divided by 7.
5
Calculate the remainder when 472 is divided by 81.
67
What is the remainder when 629 is divided by 42?
41
Calculate the remainder when 235 is divided by 14.
11
What is the remainder when 75 is divided by 43?
32
What is the remainder when 1007 is divided by 18?
17
Calculate the remainder when 250 is divided by 53.
38
What is the remainder when 1901 is divided by 126?
11
Calculate the remainder when 5010 is divided by 2489.
32
Calculate the remainder when 676 is divided by 177.
145
Calculate the remainder when 349 is divided by 7.
6
Calculate the remainder when 149 is divided by 70.
9
What is the remainder when 4664 is divided by 260?
244
Calculate the remainder when 879 is divided by 4.
3
Calculate the remainder when 69 is divided by 8.
5
What is the remainder when 188 is divided by 72?
44
What is the remainder when 78 is divided by 18?
6
Calculate the remainder when 4156 is divided by 99.
97
Calculate the remainder when 123 is divided by 48.
27
What is the remainder when 2902 is divided by 83?
80
Calculate the remainder when 889 is divided by 108.
25
What is the remainder when 1005 is divided by 166?
9
What is the remainder when 4749 is divided by 33?
30
Calculate the remainder when 165 is divided by 54.
3
Calculate the remainder when 244 is divided by 62.
58
What is the remainder when 194 is divided by 38?
4
What is the remainder when 122 is divided by 26?
18
Calculate the remainder when 3418 is divided by 149.
140
What is the remainder when 5199 is divided by 51?
48
What is the remainder when 494 is divided by 11?
10
What is the remainder when 3551 is divided by 42?
23
Calculate the remainder when 230 is divided by 30.
20
What is the remainder when 60 is divided by 23?
14
What is the remainder when 326 is divided by 120?
86
Calculate the remainder when 848 is divided by 151.
93
What is the remainder when 395 is divided by 22?
21
What is the remainder when 131 is divided by 17?
12
Calculate the remainder when 202 is divided by 49.
6
Calculate the remainder when 1210 is divided by 227.
75
What is the remainder when 70 is divided by 39?
31
Calculate the remainder when 266 is divided by 54.
50
What is the remainder when 173 is divided by 11?
8
Calculate the remainder when 7103 is divided by 111.
110
Calculate the remainder when 595 is divided by 197.
4
Calculate the remainder when 1035 is divided by 193.
70
What is the remainder when 2336 is divided by 57?
56
Calculate the remainder when 34 is divided by 16.
2
What is the remainder when 320 is divided by 22?
12
Calculate the remainder when 412 is divided by 208.
204
What is the remainder when 452 is divided by 13?
10
What is the remainder when 416 is divided by 12?
8
What is the remainder when 177 is divided by 106?
71
What is the remainder when 332 is divided by 110?
2
Calculate the remainder when 109 is divided by 28.
25
What is the remainder when 377 is divided by 333?
44
Calculate the remainder when 395 is divided by 6.
5
What is the remainder when 145 is divided by 73?
72
What is the remainder when 319 is divided by 34?
13
Calculate the remainder when 164 is divided by 55.
54
Calculate the remainder when 1919 is divided by 634.
17
Calculate the remainder when 259 is divided by 20.
19
Calculate the remainder when 519 is divided by 127.
11
What is the remainder when 170 is divided by 7?
2
Calculate the remainder when 3941 is divided by 9.
8
Calculate the remainder when 992 is divided by 20.
12
Calculate the remainder when 86 is divided by 9.
5
What is the remainder when 18938 is divided by 107?
106
What is the remainder when 166 is divided by 28?
26
What is the remainder when 433 is divided by 64?
49
What is the remainder when 8323 is divided by 15?
13
Calculate the remainder when 240 is divided by 9.
6
Calculate the remainder when 657 is divided by 11.
8
Calculate the remainder when 2460 is divided by 23.
22
Calculate the remainder when 609 is divided by 13.
11
What is the remainder when 1217 is divided by 23?
21
What is the remainder when 294 is divided by 15?
9
What is the remainder when 879 is divided by 55?
54
What is the remainder when 6252 is divided by 118?
116
Calculate the remainder when 1369 is divided by 14.
11
What is the remainder when 29 is divided by 6?
5
What is the remainder when 6810 is divided by 34?
10
What is the remainder when 2699 is divided by 60?
59
Calculate the remainder when 27300 is divided by 19.
16
What is the remainder when 1976 is divided by 110?
106
Calculate the remainder when 2331 is divided by 293.
280
Calculate the remainder when 4863 is divided by 31.
27
Calculate the remainder when 104 is divided by 84.
20
What is the remainder when 2241 is divided by 118?
117
What is the remainder when 159 is divided by 45?
24
What is the remainder when 907 is divided by 51?
40
Calculate the remainder when 8437 is divided by 40.
37
Calculate the remainder when 154 is divided by 48.
10
Calculate the remainder when 6804 is divided by 166.
164
What is the remainder when 161 is divided by 54?
53
What is the remainder when 168 is divided by 84?
0
What is the remainder when 845 is divided by 12?
5
What is the remainder when 549 is divided by 24?
21
Calculate the remainder when 186 is divided by 15.
6
Calculate the remainder when 1362 is divided by 10.
2
What is the remainder when 621 is divided by 24?
21
Calculate the remainder when 393 is divided by 44.
41
What is the remainder when 12057 is divided by 36?
33
What is the remainder when 129 is divided by 26?
25
Calculate the remainder when 360 is divided by 27.
9
What is the remainder when 814 is divided by 213?
175
Calculate the remainder when 3435 is divided by 43.
38
Calculate the remainder when 106 is divided by 19.
11
What is the remainder when 9986 is divided by 111?
107
Calculate the remainder when 417 is divided by 105.
102
Calculate the remainder when 839 is divided by 830.
9
What is the remainder when 59 is divided by 57?
2
Calculate the remainder when 8231 is divided by 56.
55
What is the remainder when 2292 is divided by 110?
92
What is the remainder when 862 is divided by 97?
86
Calculate the remainder when 170 is divided by 97.
73
What is the remainder when 801 is divided by 198?
9
What is the remainder when 248 is divided by 50?
48
What is the remainder when 253 is divided by 100?
53
Calculate the remainder when 585 is divided by 116.
5
What is the remainder when 795 is divided by 63?
39
Calculate the remainder when 1855 is divided by 29.
28
What is the remainder when 356 is divided by 88?
4
What is the remainder when 82 is divided by 48?
34
What is the remainder when 11356 is divided by 6?
4
Calculate the remainder when 4365 is divided by 42.
39
Calculate the remainder when 184 is divided by 58.
10
Calculate the remainder when 862 is divided by 1.
0
What is the remainder when 195 is divided by 63?
6
What is the remainder when 174 is divided by 5?
4
Calculate the remainder when 350 is divided by 36.
26
What is the remainder when 71 is divided by 4?
3
What is the remainder when 168 is divided by 16?
8
What is the remainder when 1440 is divided by 58?
48
Calculate the remainder when 4892 is divided by 11.
8
What is the remainder when 21987 is divided by 46?
45
What is the remainder when 65 is divided by 31?
3
What is the remainder when 2623 is divided by 435?
13
What is the remainder when 348 is divided by 189?
159
What is the remainder when 1077 is divided by 90?
87
What is the remainder when 9374 is divided by 25?
24
Calculate the remainder when 2199 is divided by 116.
111
What is the remainder when 31423 is divided by 11?
7
What is the remainder when 71 is divided by 14?
1
Calculate the remainder when 356 is divided by 119.
118
What is the remainder when 151 is divided by 7?
4
What is the remainder when 488 is divided by 71?
62
What is the remainder when 181 is divided by 79?
23
What is the remainder when 95 is divided by 10?
5
Calculate the remainder when 263 is divided by 8.
7
Calculate the remainder when 536 is divided by 135.
131
What is the remainder when 826 is divided by 8?
2
What is the remainder when 149 is d